68 + -144 + 57 + (2 + -2 - (0 + -4))
-15
What is the value of 8 + -8 + 0 - (-26 - (21 + -29))?
18
(-3 - (39 + (-7 - 1 - 1))) + 2
-31
74 - (-73 + 64 + 30)
53
What is the value of 15 - -38 - 25 - -14 - 19?
23
What is -173 + 161 + 0 + (1 - 66) + -3?
-80
Evaluate 1 + (-4 - 26) + (3662 - 3607).
26
What is 10 + -1 + -68 + 60 - (31 + -6 + 1)?
-25
Calculate (438 - 437 - (-27 - 2)) + 31.
61
What is 0 + -28 - (12 - (7 + (-13 - -1)) - 17)?
-28
What is the value of -101 - (8 - (24 + 2 + -16))?
-99
(-18 - 1) + 17 + (49 - 54)
-7
Calculate -48 - ((42 - 114) + -12).
36
Evaluate 1 + -2 + -1 - ((-74 - (15 + -39)) + 88).
-40
What is -47 + (-12 - -11) - (13 + -7 + (0 - 5))?
-49
What is -8 - (-29 - (94 - 75))?
40
(48 - (-2 + 1)) + (-26 - (4 + -33 + -4))
56
Evaluate -313 - -360 - (2 + 50).
-5
Evaluate 206 + -149 + 0 - (2 - 1 - 9).
65
What is 6 + -17 - (-366 - -356)?
-1
What is (-7 + -13 - 1) + -14?
-35
What is 111 + 6 + -12 - (88 + -136)?
153
Evaluate -8 + -50 + 26 + 48 + 57.
73
What is -4 - 4 - (11 + (-10 - -2))?
-11
Evaluate -29 + -5 + 125 + -148.
-57
Evaluate 0 - 9 - -17 - (-3 - -9 - 16).
18
(41 - (-26 + 48)) + -42
-23
What is -14 - (-112 + 2 - (2 + -68 - -65))?
95
Calculate 2 - -5 - 9 - (15 - 6) - (23 - -19).
-53
-29 + 25 - -28 - (5 - 18)
37
-23 + (-24 - (-40 - -15))
-22
Calculate 4534 + -4609 - (15 - 0).
-90
What is the value of -168 + 161 + (5 - (-40 + 1)) + 3?
40
Evaluate -3 - (-22 - -9) - (-29 + -5 - (-2 + 1)).
43
What is 22 - 11 - 36 - -33?
8
Evaluate 6 + 29 + (1 - (2 - 0) - (-52 + 61)).
25
(-70 + -1 - 2) + (-3 - (-13 - 5))
-58
Evaluate (47 - 2) + -57 - -2.
-10
Calculate 106 + 128 + -280 - -108.
62
(-564 - -637) + -102 + 7
-22
What is the value of -1 - 23 - (13 + -9 + -16)?
-12
Evaluate -7 - (-14 + 30 - 16 - 10 - (8 - 2)).
9
What is the value of 77 + (-1 - ((14 - -3) + -2)) + 15?
76
What is 79 + 3 + -2 - (173 - 150)?
57
What is the value of 91 + -134 + (-114 - -141) + 0 + -6?
-22
Evaluate -26 + 22 + -10 + 15 + -31.
-30
What is (67 - 16 - 107) + 18?
-38
-12 - -3 - ((-86 - -60) + -6)
23
What is the value of 38 - ((1 - 18) + (114 - (173 - 76)))?
38
What is the value of (18 - (-1 - (-6 + -4) - 3)) + 68?
80
Evaluate -33 - (-41 + (-9 + 18 - -11)).
-12
Evaluate (-18 - -19 - 9) + 19 - -22.
33
What is the value of (-11 - 1) + (46 - (5 - -54)) + -15?
-40
Calculate 7 + ((-33 - -3) + 15 - (6 - 63)).
49
Calculate (-5 - -58 - (-168 + 187)) + 1 + (1 - -9).
45
What is (2 - -15) + (15 + 13 - 19) - -2?
28
What is (16 - (-16 + 12 - -43)) + -20?
-43
What is the value of 15 + -54 + (90 - 29)?
22
Evaluate -91 + 256 + -89 - 42.
34
What is the value of 42 + -84 + 37 + (-6 - (-9 + 0) - 12)?
-14
What is the value of 23 + 0 + -1866 + 1791?
-52
What is -27 + -48 + 126 - 86?
-35
What is -28 + 13 + (-6 - -5 - (3 - -1))?
-20
What is (-2 - (5 + (-33 + 22 - (1 - -3)))) + -19?
-11
Calculate (3 + -3 - -3) + -1 + -100 - (-754 - -742).
-86
Evaluate 7 + 0 + -1610 + 1633 + 64.
94
Calculate (-20 - -4) + (33 - 6) + -18 + 33 + 3.
29
Calculate -35 - (21 + -3 - (-2 - -13)).
-42
Evaluate (58 - (-63 + 6)) + (31 - 6).
140
Calculate (348 - 324) + (7 - -9).
40
Calculate (72 - (-104 - -186)) + 69.
59
What is 3 + 7 + -13 + 11 + 8 + -2?
14
Evaluate -32 - (-17 + (9 - (8 - -2) - -6)).
-20
(1 + 10 - (-1 - -3)) + (-6 - -19 - 86)
-64
Calculate -7 - ((-1000 - -992) + 60 + -2 + -2 - -7).
-62
76 + -6 + (-63 - (-9 + -45))
61
Evaluate (-34 - (56 - (-51 + 125))) + (-18 - 1).
-35
What is -331 - -491 - (7 - (-16 + -13))?
124
What is the value of -85 + 57 + -48 - -59?
-17
What is 0 + ((9 - (9 + 5) - -6) + -125 - 7)?
-131
What is the value of -73 + -24 - (-180 + 133)?
-50
(3 - (54 + -33 + -5 + -2)) + (-17 - -20)
-8
(-15 - (-7 - 28)) + -16 - (-4 - -32)
-24
Evaluate 55 + (13 - 8) - 78.
-18
What is 0 + -36 + (70 - 123 - 0)?
-89
19 + -51 + 32 + (28 - 27) + (0 - 29)
-28
What is the value of -4 + -3 + 65 + -56 - 13?
-11
(-5 - -23 - (4 + 2 - -4)) + 10
18
What is the value of (0 + -6 + -38 - -6) + -21 + (15 - 1)?
-45
What is the value of 3 - -37 - (-5 + 18 + (6 - 4 - 2))?
27
(14 - 7) + -20 - -22 - (12 + -60)
57
(-105 + 2 + -19 - -5) + 40
-77
Evaluate 1 + -4 - -68 - (11 - -17 - 9).
46
What is 12 + 0 + -1 - (-134 - (32 - 48) - -226)?
-97
What is 15 + 161 + -51 + -46?
79
Calculate 79 - ((-1848 - -1874) + (-44 - -1)).
96
What is the value of (4 + -4 - 3 - (-16 + 6 - -3)) + 55?
59
Calculate -1 + 41 + -26 + (45 - -24).
83
What is -83 - (-40 - -1) - 8?
-52
What is 0 - 192 - (-10425 - -10338)?
-105
What is the value of (7 - 4) + -10 + 7 + -10 + 27?
17
What is the value of 15 + (29 - 0) + (-14 - 4)?
26
Calculate -60 + 0 + -64 + 69.
-55
What is the value of (-51 - (-27 + -54)) + 40?
70
Calculate 5 + -3 + -38 + -1 + -70 + 58.
-49
Calculate 95 - 4 - ((18 - 21) + -3 - -21).
76
Evaluate 4 + 0 + -2 - 1 - 3 - (183 - 154).
-31
(79 - (-8 + 15) - -5) + -14 - 1
62
Calculate -122 - (7 + -33 + (12 - 14) + 22).
-116
Evaluate 35 - -45 - 244 - -64.
-100
What is -25 + (1 - (24 - (7 - -2)))?
-39
What is 13 + 0 + (105 - 14 - 116)?
-12
-76 + -37 - 148 - -152
-109
Calculate -229 - -11 - (539 - 623).
-134
-397 + 399 - ((3 - -4) + (-2 - 25))
22
What is the value of (37 - -66) + (-136 - -37)?
4
What is the value of (-1 - 35) + (-1571 - -1592)?
-15
What is the value of -37 + 161 + 25 - 35 - -9?
123
Calculate 61 - (42 + (-58 - -18)).
59
Calculate 75 + (-19 - -3) + -79.
-20
What is -7 - (-36 + -11 + (-3 - (-4 + 3 + 2)))?
44
Evaluate -40 + -12 + 17 + 0 + 123.
88
What is (154 - 160 - ((-1 - -4) + -8 + 1)) + -54?
-56
What is 40 + 25 - 18 - -102?
149
Calculate 16 - (29 + (469 + -485 - (-29 + (2 - 1)))).
-25
Evaluate 6 - 7 - (0 - 31 - (2 - (-17 + 12))).
37
-10 - ((68 - 4) + -94)
20
-18 - (-39 - (21 + 10 + -52))
0
What is 1 + -1 - (7 + -5 + 56 + -24)?
-34
Evaluate 2 - (8 - 2) - (14 + -29) - -22.
33
What is 2 + -57 + (23 - -176) + -223?
-79
What is 72 + 92 - 93 - 94?
-23
Calculate -161 + -15 + -98 + 161.
-113
Calculate -15 + 28 + -13 + 4 + 115.
119
Calculate 54 + -31 + -72 - -32.
-17
(0 - -5 - (39 - (78 + -47))) + 32
29
Calculate -53 + 53 + -106 - -123.
17
Calculate -35 - -22 - ((22 - 28) + -4 + 3) - 50.
-56
What is the value of (-124 - -218) + -75 - (16 - (-1 - -2))?
4
What is the value of -48 - ((-22 - (1 + -23) - 3) + -1 + -4)?
-40
Calculate (29 - (26 + -9 + 9)) + -3.
0
Calculate (28 - 52) + 82 + 50 + -31.
77
Calculate -1 - (-13 + (-8 - -13) + -2 + 44).
-35
What is the value of -24 + 48 + (-128 - -73)?
-31
What is -7 - -25 - (14 - (13 - -20))?
37
What is the value of (3 - -22) + (-44 - 7)?
-26
Evaluate -16 + (2 - -36) - (-4 - -10).
16
What is -13 - (1 + -4 + -4 + 72 + 63 + -88)?
-53
What is the value of -1 + 2 + (17 - (-1 + -54 - (-500 + 470)))?
43
What is the value of -56 - ((41 - 38) + -10)?
-49
What is -2 + (4 - 128 - -6) - (-201 - -196)?
-115
Evaluate -116 - (0 - (85 - 22)).
-53
14 + (75 + -19 + -43 - (35 + 1))
-9
(2 + -1 - -116) + (3451 - 3487)
81
-3098 + 3069 - (-23 - (3 - 0)) - (134 - 1)
-136
Evaluate 12 + (0 - -8) + 3 - 11 - 4 - -53.
61
66 + (21 - (23 - -9)) + -13
42
What is -132 + 4 - (291 + -344)?
-75
Calculate -5 - ((1 - -78) + -46).
-38
Evaluate (-3 - 17) + 142 + -154.
-32
What is the value of (100 - 39) + -1 + -55?
5
What is the value of (13175 - 13168) + (-1 - -1) + 30?
37
91 - (162 + (73 - 156))
12
2 + 1 - (26 + (18 - 46) - (1 + -10))
-4
-10 - 32 - (-151 - (-9 - 15))
85
What is the value of 5 + 14 + 2 + (9 - (9 + 5))?
16
Calculate -8 - (4 + -4 - (-3 - 0) - 10) - -36.
35
What is the value of (1 - (12 + 0)) + 57 + 71 + -124?
-7
7 + 7 + -150 - (-27 + 25 + -15)
-119
What is the value of (14 - 24) + (-2 - (-28 - -13) - -7)?
10
Calculate 23 + -74 + -23 + (-17 - -3 - -20).
-68
Calculate (-429 - -416) + -28 + 13.
-28
Calculate 2 + (-5 + -17 - -11) + 60.
51
What is the value of -3 + -11 + -23 + 14 - -50?
27
What is 4 + (32 - -1) + (-329 - -354) + 8?
70
Evaluate -1355 + 1356 - ((4 - (0 + 4)) + -63).
64
What is the value of 34 - 20 - (61 - (19 - (7 + 4)))?
-39
What is the value of (1 - (17 + 14)) + 21 - 70?
-79
Calculate (-4 + -2 - -10) + (-5 - -13) - (-12 + -20).
44
What is -21 - -31 - (-4 + (-3 - (-68 - (-5 - 0))))?
-46
Evaluate 86 + (-84 - (-3 + -15)).
20
Calculate (2 - -18) + -9 + -13 + 1 + 1.
0
58 + (-20 - (-19 + 51))
6
Calculate (0 + 2 - -100) + -13 + -5 + 2.
86
-220 + -156 + 227 - (0 - (1 + 1))
-147
What is (4 - (-9 + 3)) + (32 - (148 - 17))?
-89
Calcul